{"id":104,"date":"2016-12-30T06:45:37","date_gmt":"2016-12-30T06:45:37","guid":{"rendered":"http:\/\/server\/wordpress\/dec\/wprealestate\/?page_id=104"},"modified":"2018-09-21T11:29:50","modified_gmt":"2018-09-21T09:29:50","slug":"uebermich","status":"publish","type":"page","link":"http:\/\/immo-giselabecker.de\/index.php\/uebermich\/","title":{"rendered":"Ueber mich"},"content":{"rendered":"<p>[vc_row][vc_column css_animation=&#8220;none&#8220;][vc_column_text css_animation=&#8220;bottom-to-top&#8220;]<\/p>\n<div class=\"n2-has-copy n2-code n2-ss-slider-shortcode-id\"><\/div>\n<h2><span style=\"color: #1b4f33;\"><span style=\"font-family: Comic Sans Ms;\">Mein Aufgabengebiet umfasst folgendes:<\/span><\/span><\/h2>\n<p>&nbsp;<\/p>\n<h5><span style=\"color: #1b4f33;\"><span style=\"font-family: Comic Sans Ms;\">Vermietung von Wohnr\u00e4umen, H\u00e4usern und Gewerbeobjekten,<\/span><\/span><\/h5>\n<h5><span style=\"color: #1b4f33;\"><span style=\"font-family: Comic Sans Ms;\">(\u00dcberpr\u00fcfung der Bonit\u00e4t)<\/span><\/span><\/h5>\n<h5><span style=\"color: #1b4f33;\"><span style=\"font-family: Comic Sans Ms;\">Vermittlung von Eigentumswohnungen, Ein- und Mehrfamilienh\u00e4usern, sowie gewerblichen Objekten<\/span><\/span><\/h5>\n<h5><span style=\"color: #1b4f33;\"><span style=\"font-family: Comic Sans Ms;\">Werbung in regionalen u. \u00fcberregionalen\u00a0 Printmedien, sowie auf versch. Internetportalen Optimale Terminabsprachen, Besichtigungen, sowie Verhandlungen mit solventen Kunden Pers\u00f6nliche und individuelle Betreuung<\/span><\/span><\/h5>\n<h5><span style=\"color: #1b4f33;\"><span style=\"font-family: Comic Sans Ms;\">Grundbuchangelegenheiten und Beh\u00f6rdeng\u00e4nge Sicherstellung der K\u00e4uferfinanzierung Gesamtabwicklung der Verkaufsverhandlungen bis einschl. Abschluss des notariellen Kaufvertrages.<\/span><\/span><\/h5>\n<p>[\/vc_column_text][\/vc_column][\/vc_row][vc_row][vc_column][vc_column_text][\/vc_column_text][\/vc_column][\/vc_row][vc_row][vc_column][vc_column_text][\/vc_column_text][\/vc_column][\/vc_row]<\/p>\n","protected":false},"excerpt":{"rendered":"<p>[vc_row][vc_column css_animation=&#8220;none&#8220;][vc_column_text css_animation=&#8220;bottom-to-top&#8220;] Mein Aufgabengebiet umfasst folgendes: &nbsp; Vermietung von Wohnr\u00e4umen, H\u00e4usern und Gewerbeobjekten, (\u00dcberpr\u00fcfung der Bonit\u00e4t) Vermittlung von Eigentumswohnungen, Ein- und Mehrfamilienh\u00e4usern, sowie gewerblichen Objekten Werbung in regionalen u. \u00fcberregionalen\u00a0 Printmedien, sowie auf versch. Internetportalen Optimale Terminabsprachen, Besichtigungen, sowie Verhandlungen mit solventen Kunden Pers\u00f6nliche und individuelle Betreuung Grundbuchangelegenheiten und Beh\u00f6rdeng\u00e4nge Sicherstellung der K\u00e4uferfinanzierung Gesamtabwicklung &hellip; <a href=\"http:\/\/immo-giselabecker.de\/index.php\/uebermich\/\" class=\"more-link\">Continue reading <span class=\"screen-reader-text\">Ueber mich<\/span> &lt;span class=&quot;meta-nav&quot;&gt;&rarr;&lt;\/span&gt;<\/a><\/p>\n","protected":false},"author":1,"featured_media":0,"parent":0,"menu_order":0,"comment_status":"closed","ping_status":"closed","template":"","meta":[],"_links":{"self":[{"href":"http:\/\/immo-giselabecker.de\/index.php\/wp-json\/wp\/v2\/pages\/104"}],"collection":[{"href":"http:\/\/immo-giselabecker.de\/index.php\/wp-json\/wp\/v2\/pages"}],"about":[{"href":"http:\/\/immo-giselabecker.de\/index.php\/wp-json\/wp\/v2\/types\/page"}],"author":[{"embeddable":true,"href":"http:\/\/immo-giselabecker.de\/index.php\/wp-json\/wp\/v2\/users\/1"}],"replies":[{"embeddable":true,"href":"http:\/\/immo-giselabecker.de\/index.php\/wp-json\/wp\/v2\/comments?post=104"}],"version-history":[{"count":26,"href":"http:\/\/immo-giselabecker.de\/index.php\/wp-json\/wp\/v2\/pages\/104\/revisions"}],"predecessor-version":[{"id":534,"href":"http:\/\/immo-giselabecker.de\/index.php\/wp-json\/wp\/v2\/pages\/104\/revisions\/534"}],"wp:attachment":[{"href":"http:\/\/immo-giselabecker.de\/index.php\/wp-json\/wp\/v2\/media?parent=104"}],"curies":[{"name":"wp","href":"https:\/\/api.w.org\/{rel}","templated":true}]}}

<p>[vc_row][vc_column css_animation=&#8220;none&#8220;][vc_column_text css_animation=&#8220;bottom-to-top&#8220;]</p>
<div class="n2-has-copy n2-code n2-ss-slider-shortcode-id"></div>
<h2><span style="color: #1b4f33;"><span style="font-family: Comic Sans Ms;">Mein Aufgabengebiet umfasst folgendes:</span></span></h2>
<p>&nbsp;</p>
<h5><span style="color: #1b4f33;"><span style="font-family: Comic Sans Ms;">Vermietung von Wohnräumen, Häusern und Gewerbeobjekten,</span></span></h5>
<h5><span style="color: #1b4f33;"><span style="font-family: Comic Sans Ms;">(Überprüfung der Bonität)</span></span></h5>
<h5><span style="color: #1b4f33;"><span style="font-family: Comic Sans Ms;">Vermittlung von Eigentumswohnungen, Ein- und Mehrfamilienhäusern, sowie gewerblichen Objekten</span></span></h5>
<h5><span style="color: #1b4f33;"><span style="font-family: Comic Sans Ms;">Werbung in regionalen u. überregionalen  Printmedien, sowie auf versch. Internetportalen Optimale Terminabsprachen, Besichtigungen, sowie Verhandlungen mit solventen Kunden Persönliche und individuelle Betreuung</span></span></h5>
<h5><span style="color: #1b4f33;"><span style="font-family: Comic Sans Ms;">Grundbuchangelegenheiten und Behördengänge Sicherstellung der Käuferfinanzierung Gesamtabwicklung der Verkaufsverhandlungen bis einschl. Abschluss des notariellen Kaufvertrages.</span></span></h5>
<p>[/vc_column_text][/vc_column][/vc_row][vc_row][vc_column][vc_column_text][/vc_column_text][/vc_column][/vc_row][vc_row][vc_column][vc_column_text][/vc_column_text][/vc_column][/vc_row]</p>

<p>[vc_row][vc_column css_animation=&#8220;none&#8220;][vc_column_text css_animation=&#8220;bottom-to-top&#8220;] Mein Aufgabengebiet umfasst folgendes: &nbsp; Vermietung von Wohnräumen, Häusern und Gewerbeobjekten, (Überprüfung der Bonität) Vermittlung von Eigentumswohnungen, Ein- und Mehrfamilienhäusern, sowie gewerblichen Objekten Werbung in regionalen u. überregionalen  Printmedien, sowie auf versch. Internetportalen Optimale Terminabsprachen, Besichtigungen, sowie Verhandlungen mit solventen Kunden Persönliche und individuelle Betreuung Grundbuchangelegenheiten und Behördengänge Sicherstellung der Käuferfinanzierung Gesamtabwicklung &hellip; <a href="http://immo-giselabecker.de/index.php/uebermich/" class="more-link">Continue reading <span class="screen-reader-text">Ueber mich</span> &lt;span class=&quot;meta-nav&quot;&gt;&rarr;&lt;/span&gt;</a></p>
